True
Is 732946492 a multiple of 1261?
False
Is 10 a factor of 1984691?
False
Is 54 a factor of 29644236?
False
Does 27 divide 443785708?
False
Does 117 divide 43692250?
False
Is 68687984 a multiple of 592?
True
Does 5 divide 44815636?
False
Does 15 divide 2471529885?
True
Is 3 a factor of 11983707?
True
Is 322 a factor of 2066596?
True
Does 134 divide 95816046?
False
Is 58 a factor of 294247746?
True
Does 162 divide 73270218?
False
Does 1078 divide 102986730?
True
Is 16707880 a multiple of 7?
True
Does 901 divide 76939093?
True
Is 1247 a factor of 3804946160?
True
Does 9 divide 30166428?
False
Is 55 a factor of 479168905?
False
Is 215667469 a multiple of 69?
False
Does 40 divide 15632840?
True
Is 8 a factor of 5776184?
True
Is 5 a factor of 71263385?
True
Is 287 a factor of 1532377?
False
Is 358 a factor of 77765147?
False
Is 1490719817 a multiple of 4486?
False
Does 4 divide 160448?
True
Is 588 a factor of 132326326?
False
Is 5 a factor of 86174725?
True
Is 84 a factor of 988246466?
False
Does 9 divide 2993985?
True
Is 125507281 a multiple of 10?
False
Is 541 a factor of 423737152?
False
Is 1647647073 a multiple of 19?
True
Is 1354 a factor of 30035782?
True
Does 47 divide 331817831?
False
Is 49184457 a multiple of 721?
True
Is 3265626 a multiple of 39?
True
Is 508 a factor of 202038905?
False
Is 501 a factor of 217068270?
True
Does 37 divide 35685462?
False
Is 31226862 a multiple of 17?
False
Is 2595 a factor of 1031855667?
False
Is 60 a factor of 525087120?
True
Is 439 a factor of 61290321?
False
Is 149455808 a multiple of 32?
True
Is 53 a factor of 3151871150?
False
Is 1145200727 a multiple of 6850?
False
Does 466 divide 61095862?
True
Is 1355 a factor of 45253406?
False
Is 1588 a factor of 43302007?
False
Is 6 a factor of 202120704?
True
Does 39 divide 304269577?
False
Is 8620077 a multiple of 177?
True
Is 27643417 a multiple of 132?
False
Does 685 divide 81190995?
True
Is 17790210 a multiple of 4005?
True
Is 65 a factor of 387812555?
True
Is 109 a factor of 222184074?
True
Is 209 a factor of 1042511019?
True
Is 414462151 a multiple of 1527?
False
Is 2709 a factor of 224588200?
False
Is 376101703 a multiple of 941?
True
Is 251 a factor of 618013204?
True
Is 14 a factor of 264230386?
True
Is 8978270 a multiple of 1022?
True
Does 717 divide 94899937?
False
Is 2412491692 a multiple of 226?
True
Is 71 a factor of 1561610773?
False
Is 279048822 a multiple of 249?
True
Is 217117642 a multiple of 4718?
True
Does 21 divide 32277147?
True
Is 6 a factor of 4790334?
True
Is 9936164 a multiple of 7?
True
Is 40423950 a multiple of 63?
True
Is 3131373376 a multiple of 14004?
False
Is 5322 a factor of 589070892?
True
Is 2439299 a multiple of 40?
False
Is 16827356 a multiple of 7?
True
Is 16482675 a multiple of 33?
True
Is 2035944456 a multiple of 13?
True
Is 539 a factor of 17387062?
True
Does 475 divide 39655375?
True
Is 170461962 a multiple of 3?
True
Is 36198806 a multiple of 1097?
True
Is 1516502091 a multiple of 13?
True
Is 275206344 a multiple of 84?
True
Is 289 a factor of 32828889?
False
Is 462 a factor of 145432733?
False
Is 18176912 a multiple of 248?
True
Does 35 divide 118340213?
False
Is 165241337 a multiple of 135?
False
Is 4317 a factor of 3345795588?
False
Is 41694520 a multiple of 39?
False
Is 213 a factor of 704212581?
False
Does 530 divide 3893800820?
True
Is 10 a factor of 3861043?
False
Is 121 a factor of 154454927?
True
Does 330 divide 23617049?
False
Is 120702082 a multiple of 49?
False
Does 27 divide 466611894?
True
Is 210 a factor of 1007580?
True
Is 132 a factor of 4493817?
False
Is 2081 a factor of 178539395?
True
Is 32073664 a multiple of 224?
True
Is 122113194 a multiple of 42?
True
Does 653 divide 98236439?
False
Does 585 divide 231005385?
True
Does 34 divide 290461974?
False
Is 161 a factor of 59457221?
False
Is 9890250 a multiple of 6?
True
Is 1940 a factor of 118006320?
True
Is 7 a factor of 126283807?
False
Does 47 divide 87587626?
False
Is 9 a factor of 10029240?
True
Does 676 divide 409000280?
True
Is 25246734 a multiple of 49?
False
Is 47751974 a multiple of 8?
False
Is 47549660 a multiple of 997?
False
Does 741 divide 3850421?
False
Is 44 a factor of 60114956?
True
Does 5 divide 93042415?
True
Is 107834389 a multiple of 13?
True
Is 15 a factor of 174224541?
False
Is 126 a factor of 109711519?
False
Is 251822118 a multiple of 5?
False
Is 44546240 a multiple of 211?
False
Does 2817 divide 586230468?
False
Is 2943 a factor of 252878585?
False
Does 3178 divide 146818861?
False
Is 54 a factor of 83703833?
False
Is 53677621 a multiple of 61?
True
Is 1229 a factor of 4506471391?
True
Is 72 a factor of 10464264?
True
Is 1039 a factor of 3157441922?
False
Is 105639008 a multiple of 16?
True
Is 541313705 a multiple of 641?
False
Is 175457898 a multiple of 462?
True
Does 10 divide 7526130?
True
Is 1227 a factor of 29176833?
True
Is 6469788 a multiple of 134?
True
Is 104648544 a multiple of 363?
True
Is 399959184 a multiple of 1392?
True
Does 1917 divide 645693525?
True
Is 2619448 a multiple of 112?
False
Does 3098 divide 60653251?
False
Is 2830364 a multiple of 407?
False
Is 19959963 even?
False
Is 10 a factor of 43196697?
False
Is 908921540 a multiple of 73?
True
Is 32 a factor of 3600533760?
True
Is 119974702 a multiple of 8?
False
Does 57 divide 640967883?
False
Does 17 divide 139043357?
True
Is 810 a factor of 102018690?
True
Is 356294 a multiple of 3?
False
Is 1500755409 a multiple of 11?
False
Is 1811 a factor of 26429734?
True
Is 68 a factor of 64202275?
False
Is 1705609023 a multiple of 689?
False
Is 1444215362 a multiple of 542?
False
Is 25184133 a multiple of 660?
False
Does 163 divide 92491742?
True
Is 45 a factor of 6466706280?
True
Is 37173911 a multiple of 23?
True
Does 140 divide 394439483?
False
Is 994 a factor of 12362378?
True
Does 119 divide 293163052?
False
Is 1834 a factor of 1218945768?
False
Is 14563725 a multiple of 695?
True
Does 418 divide 214711970?
True
Is 2673307280 a multiple of 848?
True
Is 21 a factor of 760345583?
False
Is 395 a factor of 1635672485?
True
Is 59 a factor of 596413831?
True
Is 53636519 a multiple of 730?
False
Is 3443 a factor of 122905775?
False
Is 220 a factor of 51995900?
True
Is 283 a factor of 34739948?
True
Is 60345954 a multiple of 1214?
False
Is 1418532899 a multiple of 80?
False
Does 12 divide 81134964?
True
Is 156434425 a multiple of 119?
True
Is 1820 a factor of 3176941040?
True
Is 1441492142 a multiple of 22?
False
Is 507054780 a multiple of 460?
True
Is 414325 a multiple of 67?
False
Does 690 divide 1124437800?
True
Does 75 divide 103328250?
True
Does 785 divide 13271995?
True
Is 39 a factor of 471839628?
True
Is 37468610 a multiple of 5?
True
Does 428 divide 2411352?
True
Does 4 divide 177940972?
True
Does 17 divide 7073207?
True
Is 887639250 a multiple of 75?
True
Is 17 a factor of 10007955?
False
Does 7 divide 1324793058?
False
Does 112 divide 585651255?
False
Does 17 divide 106675476?
True
Is 1766 a factor of 20531516?
True
Does 1774 divide 69293694?
False
Does 3168 divide 481665989?
False
Is 3632134142 a multiple of 11846?
False
Is 1267 a factor of 1781883823?
False
Is 9 a factor of 219785933?
False
Is 810274023 a multiple of 729?
True
Is 128429985 a multiple of 136?
False
Is 8 a factor of 17518072?
True
Is 4009 a factor of 199483831?
True
Is 3040 a factor of 39630691?
False
Is 30 a factor of 20822700?
True
Is 54618485 a multiple of 454?
False
Is 367281892 a multiple of 2047?
False
Does 14 divide 3447529918?
True
Is 6370698 a multiple of 6?
True
Is 3965304742 a multiple of 658?
True
Is 301212800 a multiple of 1190?
True
Is 79110045 a multiple of 105?
True
Does 47 divide 552241775?
True
Is 58 a factor of 19629578?
True
Is 705262994 a multiple of 581?
False
Is 443 a factor of 928728679?
True
Does 5 divide 48561143?
False
Is 798 a factor of 24564036?
True
Does 9 divide 18786231?
True
Does 32 divide 5524320?
True
Does 1046 divide 79682188?
True
Is 529 a factor of 50283566?
True
Is 8 a factor of 30729685?
False
Is 413460092 a multiple of 291?
False
Is 682531730 a multiple of 3307?
True
Is 36480160 a multiple of 2747?
True
Is 206426462 a multiple of 105?
False
Is 5 a factor of 58860427?
False
Is 29768292 a multiple of 476?
False
Is 4392021918 a multiple of 50?
Fa